ppose -5*c = -17 + 7. Suppose 57 + 71 = 3*s + g, -c*s + 3*g = -100. What are the prime factors of s?
2, 11
Let q = -2348 - -2793. List the prime factors of q.
5, 89
Let i(a) be the first derivative of -a**2/2 + 1. Let p be i(-3). Suppose o = -2*w - 0*o + 28, -p*w = o - 40. What are the prime factors of w?
2, 3
Suppose 4*o + 3*d - 97 = 0, -5*o - 2*d - 6 + 129 = 0. Let r = o - -15. What are the prime factors of r?
2, 5
Let j(s) = -2*s - 1. Let z be j(3). Let p be -3 - (1 + (z - -1)). What are the prime factors of (-60)/p*2/(-4)?
3, 5
Let c = 1068 + -604. List the prime factors of c.
2, 29
Let q = -95 + 99. Let f(m) be the first derivative of 3*m**2/2 + 8*m + 2. List the prime factors of f(q).
2, 5
Let u = 89 - -131. List the prime factors of u.
2, 5, 11
Let u = -3 + 9. Suppose 0 = -u*k + 484 + 422. What are the prime factors of k?
151
Suppose 7*r - 3*r = 4. List the prime factors of r/(-4) + ((-1258)/(-8) - -1).
2, 79
Suppose 4 = -s, 4*j + 8*s - 268 = 6*s. Let l be 36/10 + (-2)/(-5). Suppose -2*q + 63 = c, 0*c - j = -c - l*q. List the prime factors of c.
3, 19
Suppose 12*y + 3*k + 3316 = 16*y, -3*y + k = -2492. What are the prime factors of y?
2, 13
Let y(m) = -5*m - 2. Let o be y(-4). What are the prime factors of ((-740)/o)/(4/6)*-3?
5, 37
Let b(a) = -a**3 + 4*a**2 - a - 4. Let r be b(3). Suppose -r*j + j = 3, 5*z - 35 = 5*j. Suppose -2 = -z*w + 3*w. What are the prime factors of w?
2
Let k(d) = -d**3 - 7*d**2 - 18*d - 22. What are the prime factors of k(-8)?
2, 3, 31
Let g(u) = -u**3 + 5*u**2 + 3*u - 1. Let m be ((-2)/4)/((-5)/(-90)). Let j be ((-9)/(-6))/(m/(-24)). What are the prime factors of g(j)?
3
Let s be 51/((-20)/8 + 1). Let u = 2 - s. List the prime factors of u.
2, 3
Let t(l) = 110*l + 135. List the prime factors of t(3).
3, 5, 31
What are the prime factors of 6/9*(1 - 10276/(-8))?
857
Let p be 729/54*(1 + 9). Let t = 5 + 11. Suppose t*v - p = 11*v. What are the prime factors of v?
3
Let d = 32 + -1. Suppose 2*p + 3*s - d + 0 = 0, 5*s - 25 = 0. What are the prime factors of p?
2
Suppose -98 = -4*n - 38. Suppose n = h + 1. Suppose -h*u + 11*u + 27 = 0. What are the prime factors of u?
3
Let a = -17 - -17. Suppose z - 4*z - 5*v + 68 = 0, -2*z - 5*v + 47 = a. What are the prime factors of z?
3, 7
Let a(o) = -5328*o - 11. List the prime factors of a(-1).
13, 409
List the prime factors of 527067/162 + (-3)/(-6).
2, 1627
List the prime factors of 29 + 1034 + (-2 - -11).
2, 67
Let w be (-2)/9 + 38/9. Suppose -d + w*d - 6 = 0. Suppose 4*y - 94 = d*p, 4*p - 24 = -2*y + 28. What are the prime factors of y?
2, 3
Suppose -3*t + 4*b = -496, -b + 662 = 3*t + 171. What are the prime factors of t?
2, 41
Suppose 0 = 5*t - 4*s - 1108, -2*s = 4*t - 2*t - 454. Let w = -83 + t. What are the prime factors of w?
3, 47
Suppose -q - 364 + 1195 = 0. List the prime factors of q.
3, 277
Let b = 209 + -152. What are the prime factors of b?
3, 19
Let k(t) = -t + 1. Let l(b) = -14*b - 28. Let z(f) = -2*k(f) - l(f). List the prime factors of z(3).
2, 37
List the prime factors of (5 + (78/(-18) - 1))*-753.
251
Let k(u) = -83*u + 26. Suppose -5*x + 19 = -3*c, -5*c + 6*x - 25 = x. List the prime factors of k(c).
5, 11
Suppose 0 = -4*f - 12, -152 = -5*h - 0*h - f. Suppose -2*a + 55 = 2*g - h, a + 3*g = 53. List the prime factors of a.
2, 19
Let l(d) = d**3 + 6*d**2 + d - 11. Let n(t) = -t**2 + t + 5. Let a be n(0). List the prime factors of l(a).
269
Suppose -9*l = -4*l. Suppose 5*j - 124 = t, t - 116 = -5*j - l*t. Let v = j + 13. List the prime factors of v.
37
Let f be 4*2*1/(-4) + 46. Suppose 4*y - f = 52. List the prime factors of y.
2, 3
Suppose -8*o = -23*o + 30660. What are the prime factors of o?
2, 7, 73
Let w = 19 + -16. Let z = w - -22. Suppose -z = -3*n + 29. List the prime factors of n.
2, 3
What are the prime factors of 2/(-4)*1236/(-6)?
103
Suppose 3*x - c = 3, -x = -2*c + 2 + 2. Suppose s + 4*s + 3*b - 198 = 0, x*s - 72 = -3*b. What are the prime factors of s?
2, 3, 7
What are the prime factors of 12/3 - 346/(-1)?
2, 5, 7
Let w(p) = 32*p**3 - p. Let s be w(1). Suppose -3*j - k - k = -1, 2*j - 5*k = -s. Let a(n) = -4*n + 4. What are the prime factors of a(j)?
2
Suppose 3*p = 4*g, 4*g - p + 6*p = 0. Suppose -4*w = 3*s - 621, g = 5*w - 4*s - 681 - 103. List the prime factors of w.
2, 3, 13
Let l be 1/1 - (5 + -9). Suppose s + 3*s = -a + 84, -20 = -2*s + l*a. Suppose -5*m - 4*v - 8 = -104, -s = -5*v. List the prime factors of m.
2
Suppose -22*z + 18670 = -13758. What are the prime factors of z?
2, 11, 67
Suppose 0 = -17*p + 21*p - 20. Suppose -2*l - p*j = -345, -5*l + 0*l + 2*j + 848 = 0. What are the prime factors of l?
2, 5, 17
Suppose 68 + 118 = j. What are the prime factors of j*-1*(-1)/3?
2, 31
Let g = 3 + 2. Suppose -365 = -5*k - g*j, -2*k + 227 = k + j. List the prime factors of k.
7, 11
Suppose 2*w = -3*z + 2433, -4*w + 5*z - 441 = -5340. List the prime factors of w.
3, 11, 37
Suppose 0 = u + 2*a - 107, -5*u + 2*a + 266 = -257. Suppose 0 = -2*b + 3*b - u. List the prime factors of b.
3, 5, 7
Let s = -40 - -151. Suppose -3*t + 3*b = -s, -t - b + 12 = -29. What are the prime factors of t?
3, 13
Suppose -5 = -5*k, -m - 3*m - k = -6721. What are the prime factors of m?
2, 3, 5, 7
Suppose n - 2*z - 14 = 2, -4*z = 12. Let s = 10 + -25. What are the prime factors of (-246)/s - n/25?
2
Suppose 16 = -4*a, -y + 2*y - 1 = 2*a. Let l(n) = -n**3 - 7*n**2 - 11*n - 7. What are the prime factors of l(y)?
2, 5, 7
Let d(w) be the third derivative of -w**5/60 + 2*w**4/3 - w**3 + 10*w**2. Let h be ((-39)/6)/((-1)/2). List the prime factors of d(h).
3, 11
Suppose -4*h + 3*y + 26 = 0, 0 = -6*y + y - 10. Suppose -5*w + h*u + 325 = 0, u = 5*w + 5*u - 316. What are the prime factors of w?
2
Let b(l) = -l + 7. Let o(m) = 3*m - 15. Let q(g) = -5*b(g) - 2*o(g). Let z be q(6). Let p = z + 25. What are the prime factors of p?
2, 7
Let n = -13 - -19. Suppose -2*y = -5*z + 1056, n*z = 3*z + 2*y + 632. List the prime factors of z.
2, 53
Suppose 4*c + 380 = 812. What are the prime factors of c?
2, 3
Suppose 5*r = 2376 + 994. List the prime factors of r.
2, 337
Let m = -21 - -17. What are the prime factors of 498/m*26/(-39)?
83
Let j(u) = 2*u**2 + 2*u + 9. Let q(d) = d**2 + 2*d + 9. Let g(m) = -2*j(m) + 3*q(m). Let x be g(5). Let n = x + 34. What are the prime factors of n?
2, 7
Let f(q) be the second derivative of q**4/12 - 5*q**3/6 - 21*q**2/2 + 34*q. List the prime factors of f(8).
3
Let m(y) = 3*y - 27. Let u be (-1 + 2)*24/2. What are the prime factors of m(u)?
3
Let l be (-2)/(138/350 - 12/30). Let w = l - 202. What are the prime factors of w?
2, 37
Let p(i) = -28*i - 103. What are the prime factors of p(-44)?
1129
Suppose -4*h = 4*t - 9544, 4*t - 12*h = -13*h + 9553. List the prime factors of t.
2389
Let g(c) be the second derivative of 2*c**6/45 - c**5/30 - c**4/24 + 7*c**3/3 + 10*c. Let f(l) be the second derivative of g(l). List the prime factors of f(2).
5, 11
Suppose 433 = 20*t - 19*t. What are the prime factors of t?
433
Let w(q) = 8*q + 4. Let a be w(-3). Let p = a + 25. Suppose 4 + p = l. List the prime factors of l.
3
What are the prime factors of (12 + -27)*2/(-6)*59?
5, 59
Suppose 1000 = 3*d - 4*q, 0 = d - 0*q + q - 345. Suppose -5*o + d = 3*y, 4*o - 3*o = 2*y - 231. List the prime factors of y.
5, 23
Let v = -67 + 209. Suppose -3*b - o = -2*b - v, -282 = -2*b - 4*o. List the prime factors of b.
11, 13
Let r(h) be the second derivative of h**4/4 - h**3/6 - 9*h**2 + 5*h. What are the prime factors of r(-8)?
2, 7, 13
Suppose 0 = 18*g - 14*g - 1216. What are the prime factors of g?
2, 19
Suppose -4*k - 809 = a - 3802, -4*a = -4. List the prime factors of k.
2, 11, 17
Let c(d) = 2*d**3 + d**2 - 5*d + 3. Suppose 3*g - 7*g + 3*k + 21 = 0, -3*k - 3 = 2*g. Let v be c(g). Suppose 21 + v = 4*b. List the prime factors of b.
2, 3
Suppose 55 = 2*h - 3*a, -8*a + 3*a = h - 21. Let n = h + -21. What are the prime factors of n?
5
Suppose 15*z - 16*z = -4. Suppose -4*v + 7*v = 5*p - 25, z*p = 4*v + 28. Suppose -135 = -5*i - 5*w, -2*i = 3*i + p*w - 138. What are the prime factors of i?
2, 7
Suppose 2*q = -2*b + 3222, -b - 4*q = -7*q - 1619. List the prime factors of b.
1613
Suppose 5*x + 3*k = -0*k - 799, 6 = 3*k. Let t = x + 249. What are the prime factors of t?
2, 11
Suppose 